 the prime factors of h.
2
Let t be (150/(-12))/((-1)/(-2)). Let y = t + 16. Let k = y - -14. List the prime factors of k.
5
Suppose 3*g + 3*x + 6 = 0, 0*x - 5*x - 10 = 0. Suppose g = -i - 2*i - 9. List the prime factors of (-500)/15*i/2.
2, 5
Suppose -53107 = 13*i - 36*i. What are the prime factors of i?
2309
Let x = -15 - -31. Suppose 0*f - 2*f = -2*j - 44, f + 5*j = x. List the prime factors of (24/9)/(14/f).
2
Let u be (1 - (-39)/(-9))*(-3 - 0). Let g(k) = -k**2 + 17*k - 25. What are the prime factors of g(u)?
3, 5
Suppose -i + 911 = 3*n, 3*n + 526 = i - 403. List the prime factors of i.
2, 5, 23
Suppose -54*j + 2307 = -60927. List the prime factors of j.
1171
List the prime factors of 27/(891/(-7546))*12/(-1).
2, 7
Let x(l) = 4*l**2. Let h be x(-1). Suppose h*k = 3*k + 5. Suppose k*i = 145 + 25. What are the prime factors of i?
2, 17
Suppose 5*a - 10 = -c, 28 - 1 = 4*a - 3*c. Suppose -3*o = -12, -j + 1048 = a*j + o. List the prime factors of j.
3, 29
Suppose -2*w + 4 = 4*a - 8, 3*a = w + 9. Suppose h - 27 = -w*h. Suppose -4*l + l = -h. List the prime factors of l.
3
List the prime factors of 21*70/45*228/14.
2, 7, 19
Suppose 0 = 18*c - 22*c + 236. Let d = 196 + c. Suppose b - d = -4*b. List the prime factors of b.
3, 17
Suppose -3*j = 3*b - 21, b = 3*j - 14 + 1. Suppose -j*d = -6*d + 43. Suppose 3 = c - d. What are the prime factors of c?
2, 23
Let n(u) = -u**2 - 12*u - 3. Let d be n(-11). Let j = d - 5. Suppose 7*l = j*l, 0 = 2*r + 4*l - 86. List the prime factors of r.
43
Let q be 1520/(-50) + (-3)/5. Let c be (2 - q/(-5))*-5. List the prime factors of 2/3 + 1057/c.
3, 17
Suppose 2*o - 12*o + 240 = 0. List the prime factors of o.
2, 3
Let j be (-32)/(-10) + 2/(-10) - -143. Suppose 5*m - 32 = 2*z - 3*z, 0 = -3*z - 5*m + j. List the prime factors of z.
3, 19
Let i(d) = d**3 + 6*d**2 + 8*d + 2. Let y be i(-4). List the prime factors of 78 + (y - 5/1).
3, 5
Let y be 45/(-3)*(0 - 1). Suppose -6*o = -11*o + y. Suppose -10 = -o*h - 2*k - 2, 3*h - 43 = 5*k. List the prime factors of h.
2, 3
Suppose -4*h = -2*u - 185 - 647, 0 = -3*h - 3*u + 615. List the prime factors of h.
3, 23
Suppose 0 = 2*x - 4*f + 2 - 6, 5*x + 6 = 2*f. What are the prime factors of ((-2)/(-3))/(x/(-477))?
3, 53
Let q be ((-6)/(-7))/(-2) - (-32724)/63. Let s = q + -280. List the prime factors of s.
239
Let y(u) = 6*u**3 + 6*u**2 - 19*u + 64. List the prime factors of y(7).
3, 761
Let z(u) = 144*u**2 - 72 - u + 145 - 73. What are the prime factors of z(-1)?
5, 29
Suppose w + 5 - 57 = 0. Suppose f - 3*f + w = 0. What are the prime factors of f?
2, 13
Let f be (-40)/(-12)*(-3)/1. Let b be (18/(-30))/(2/f). Suppose -r = 2*c - 11, 5*c - 18 = -5*r - b. List the prime factors of c.
2
Let v(x) = -x**2 - 1. Let q(g) = -g**3 - 13*g**2 - g - 6. Let i(z) = -q(z) + 4*v(z). What are the prime factors of i(-8)?
2, 29
Suppose 16*a - 32 = 8*a. Suppose p - 336 = -a*d, -3*d + 2*p = p - 245. List the prime factors of d.
83
Suppose 4*x - 3*x - 2 = 0. Let j(y) = 0*y**2 - y**2 - 9*y - 9 + 0*y**x. List the prime factors of j(-7).
5
Let n(t) = -t**2 + 17*t - 39. What are the prime factors of n(8)?
3, 11
Let c(k) = k**2 - 5*k**2 + 3*k**2 - 123 + 13*k + 140. Let z be c(14). Suppose z*h = 3*b + 165, 190 = 4*h - 0*b + 2*b. List the prime factors of h.
2, 5
Suppose 4*a = -3*r + 19, 3*r = -3*a + 2 + 16. Suppose -5*z = 3*g - 509, -g - 3*g = -r*z + 523. What are the prime factors of z?
103
Let a = -2299 + 5853. List the prime factors of a.
2, 1777
Suppose 2*i + 3*i - 3*b - 30 = 0, -b + 7 = 4*i. Suppose 152 = 5*c - i*c. What are the prime factors of c?
2, 19
Let f be 3/5 + ((-396)/30)/(-3). Suppose 0 = -y - 0*q - 2*q + 17, -f*y = -4*q - 71. List the prime factors of y.
3, 5
Let w be 10/3 + (-2)/(-3). Let z(k) = 2*k**3 - 4*k**2 + 4*k + 2. Let x be z(w). Suppose -3*y + x = 3*f + 16, 2*f = y - 28. List the prime factors of y.
2, 3
Suppose -4*u + 5 = -0*u + k, 5*u = -3*k + 15. Suppose u = -2*y + 3*y + i - 69, -4*i = y - 60. What are the prime factors of y?
2, 3
Let s be (-124)/(-6) - 6/9. Let l = -16 - -21. Suppose -l*u = -2*u + 4*q - 25, 2*u + q - s = 0. What are the prime factors of u?
11
Let c(q) = q - 7. Let s(r) be the second derivative of r**3/6 - 7*r**2/2 + r. Let z(i) = -4*c(i) + 3*s(i). List the prime factors of z(5).
2
What are the prime factors of 114*46 + (-115 - -125)?
2, 37, 71
Suppose -2*k + 15 = 3*k. Suppose -4*a + 55 = 6*y - y, 2*a + 55 = k*y. List the prime factors of y.
3, 5
Suppose -2*q - 67 = -j, 91 = -4*q - j - 28. Let l = -50 + 39. Let k = l - q. List the prime factors of k.
2, 5
Suppose -2*o - o = 4*u - 287, 0 = o - 4*u - 101. Let c = 166 - o. What are the prime factors of c?
3, 23
What are the prime factors of (666 - (-10 + 7)) + -1?
2, 167
Let t(s) = -2*s**3 - s**2 + 2*s - 2. Let q be 2/2*(-12 - -14). Let d(x) = x**3 - 2*x + 2. Let g(i) = q*t(i) + 3*d(i). What are the prime factors of g(-2)?
2, 3
Let b(h) = h**3 + 12*h**2 - 5*h - 37. What are the prime factors of b(-12)?
23
Let q(d) = d**3 + 4*d**2 - 4*d + 4. Let v be q(4). Let l = -21 + 23. Suppose l*n - v = -2*n. List the prime factors of n.
29
Suppose 0 = 4*j - 9*j + 20. List the prime factors of -36*((-55)/(-20) - j).
3, 5
List the prime factors of (-577060)/(-396) + (-4)/18.
31, 47
Let g(n) = -2*n**2 - 45*n - 20. Let q be g(-22). Suppose -341 = -3*u + f - 2*f, -u + 116 = -q*f. What are the prime factors of u?
2, 3, 19
Let r(v) = v**3 - 17*v**2 - 11*v - 41. Suppose 4*j - 9 = 63. What are the prime factors of r(j)?
5, 17
Suppose a - 5*a - 13748 = 0. List the prime factors of a/(-35) + 2/(-10).
2, 7
Suppose 2*j = 3*d + 4, -4*d = -6*d - 5*j + 29. Suppose -d*x = 3*x. Suppose s - 6*s = x, -204 = -4*z + 2*s. What are the prime factors of z?
3, 17
Let d(w) = 9*w - 4. Let f(x) = 17*x - 9. Let s(j) = -11*d(j) + 6*f(j). What are the prime factors of s(13)?
29
Let p be (1/(-4))/((-3)/1812). Let c = -87 + p. What are the prime factors of -12 + c + -1 + 2?
53
Let g = 17 - 33. What are the prime factors of 4 - 0 - (-25 - g)?
13
Suppose 8*t - 3*t = 0. Suppose -4*p = 7*a - 3*a - 32, -4*a - 5*p + 37 = t. Let i(v) = v**3 - 4*v**2 + 3*v + 4. What are the prime factors of i(a)?
2
Let j = -97 - -109. Suppose -5*u = -j*x + 10*x - 901, -707 = -4*u - 3*x. List the prime factors of u.
179
Let h(j) = 33*j**2 - 12*j - 2. What are the prime factors of h(9)?
11, 233
Let m(d) = 5*d**3 + 52*d**2 + 13*d - 11. What are the prime factors of m(-9)?
439
Suppose 6 = j - 9. Let w be (9 + 3)/(j/50). Let u = w - -3. What are the prime factors of u?
43
Suppose -108 = -4*i + 4*o, 0*o = -3*i - 2*o + 106. Let r = i + -29. What are the prime factors of r?
3
Suppose -4*z + 7 = 11. Let c be z*(-1 - (2 - 0)). Suppose -c*g - 30 = -6*g. List the prime factors of g.
2, 5
Suppose 4050 = 4*t - 2*g, -t + 6*t = g + 5070. Suppose 5*r - w - 358 = 662, 0 = 5*r - 2*w - t. List the prime factors of r.
5, 41
Suppose -b + 35 = -3*l, -14 + 39 = -l + 3*b. Suppose 3*u - 12 = g, g - 5*g = -u + 70. Let o = l - g. What are the prime factors of o?
2
Suppose 2*d - 3*c + 39 = -46, 0 = 4*d - 3*c + 167. Let a = 24 - d. List the prime factors of a.
5, 13
List the prime factors of (9/2)/(135/145530).
3, 7, 11
Let p be 12/30 - (-26)/10. Suppose w = -0*w - 4*x + 27, p*x - 23 = -w. What are the prime factors of w?
11
Let k(r) be the first derivative of -9*r**2/2 + r - 4. Let m(g) = -4*g. Let x(v) = 2*k(v) - 5*m(v). List the prime factors of x(18).
2, 19
Suppose 5*o + 3*y - 37 = 0, -2*y - 17 = -3*o - 2*o. List the prime factors of (156/10)/1*o.
2, 3, 13
What are the prime factors of (-12455)/(-3) + 728/(-273)?
3, 461
Let n = -122 + 311. What are the prime factors of (-79)/(((-21)/n)/(1/3))?
3, 79
Suppose 0 = -d - 5*x + 20, 4*x = 9*x - 20. Suppose -7*z + 21 + 14 = d. Suppose -4*h + z*f + 204 = 0, 130 = 2*h + 4*f + 28. What are the prime factors of h?
3, 17
Suppose -4*o + 495 = -385. What are the prime factors of o?
2, 5, 11
Suppose -18*t - 2 = -17*t. What are the prime factors of 500/4 + (0/t)/(-1)?
5
Let u(n) = -n**3 - 7*n**2 - 8*n - 9. Let a be u(-6). Suppose 0 = -a*y + 4*y - 34. List the prime factors of y.
2, 17
Let w(i) = -2*i**2 - 3*i + 4. Let v be w(-9). Let b = v - -190. What are the prime factors of b?
59
Let i be ((-3)/9)/(6/(-36)). What are the prime factors of 1/i*(-4 - -2)*-124?
2, 31
Let i =